mmon factor of u and 14?
14
Let m(v) = 16*v**2 - 5*v + 2. Let q be m(1). Suppose 5*k - 2648 = -243. What is the greatest common factor of k and q?
13
Let p be ((-40)/(-2) - 0) + (-906 - -901). Suppose 0 = -t + 2*g + 131, -t + 5*t + 5*g - 550 = 0. Calculate the greatest common factor of t and p.
15
Suppose t = 3*s - 37, 4*s + 2*t - 34 = 32. Suppose 20*y = s*y + 12. Calculate the greatest common divisor of y and 14.
2
Suppose 2*s = -s. Suppose s = 2*n - 0*n + 8. Let x be 1 + 13*2 - (-1 - n). What is the greatest common divisor of 8 and x?
8
Let r = 1754 + -1466. What is the greatest common factor of 504 and r?
72
Suppose 16*t - 13*t = 72. Suppose 1823 = -6*m + 497. Let h = m - -239. Calculate the greatest common divisor of t and h.
6
Let a = -245 + 284. Suppose 11 + 410 = 2*q + 5*l, -3*q - 5*l + 629 = 0. What is the greatest common factor of a and q?
13
Let d(t) = t**2 + 11*t - 36. Let w be d(-15). Let f(h) = -11*h - 2 + 2 + 27*h. Let q be f(1). Calculate the highest common divisor of q and w.
8
Let p(n) = -28*n**2 + 10*n**2 + 14*n**2 - 8 - 3*n + 4*n**3 + 7*n**2. Let f be p(-2). Let g = 31 + f. Calculate the greatest common factor of 63 and g.
9
Let t(u) = u**2 + 22*u. Let d be t(-21). Let z = d + 109. Calculate the greatest common factor of 11 and z.
11
Let z be (15/(-10))/(((-3)/234)/(18/54)). Let q = 2216 - 1236. Suppose -5*y + q = 5*b, 0 = 4*b - 3 - 1. What is the highest common factor of y and z?
39
Suppose -592*a - 552 = -596*a - 4*y, -163 = -a + 4*y. Calculate the highest common divisor of 19162 and a.
143
Suppose -137*j + 124 = -273 + 123. What is the greatest common factor of 49 and j?
1
Let i be (-1096)/(-9) + (-1 - (-44)/36). Let f = i + -52. Calculate the greatest common factor of f and 20.
10
Suppose 2*d = -14 + 10, -5*r - d + 138 = 0. Let y(v) = 3*v - 82. Let o be y(r). Let i(c) = 4*c + 8. Let g be i(6). What is the highest common factor of o and g?
2
Let b(z) = z**3 + 33*z**2 + 30*z - 64. Let j be b(-32). Suppose 3*k = -5*x + 2*k + 263, j = 3*x + 4*k - 168. Calculate the highest common factor of 26 and x.
26
Suppose -1260 = -19*t + 16*t. Suppose -5*g = 2*q + 240 + 388, -5*q + 131 = -g. Let v be (-120)/45*g/8. What is the highest common factor of v and t?
42
Let n = 144 + 24. Let k = n - 99. Suppose a = 2*v - 90, a + 248 = 4*v + 66. What is the highest common divisor of v and k?
23
Let s(b) be the first derivative of 5*b**2/2 + 2*b - 28. Let k be s(0). Suppose -1 + k = m. Calculate the greatest common factor of m and 1.
1
Suppose 0 = -3*o - h + 343, -5*o + 573 = 24*h - 23*h. What is the highest common divisor of 1265 and o?
115
Suppose -83*a = -23*a - 18182 - 21658. What is the highest common factor of 747 and a?
83
Let w = -50 + 141. Suppose -3*d = -v - w, -10*d + 124 = -6*d - 2*v. Calculate the greatest common factor of d and 87.
29
Suppose 15*m - 7*m - 29159 = -263. Calculate the greatest common divisor of m and 252.
84
Let g(t) = 30*t + 4492. Let d be g(-127). What is the greatest common factor of d and 902?
22
Suppose -13*a = -18*a + 4*p + 49, 32 = 3*a - 5*p. Calculate the greatest common factor of a and 318.
3
Let w = 21 - 1. Let g be (4/4)/(7/(-7)) - -1. Suppose -5*p + 4*p + 12 = g. Calculate the greatest common divisor of p and w.
4
Suppose 5*u + 700 = 5*a, 7*u + 6 = 9*u. What is the highest common divisor of 455 and a?
13
Suppose 0 = 2*q - 0*q - 66. Let h be (-1)/(-8 + 6620/828). Let p = h + -196. What is the greatest common divisor of p and q?
11
Let z(j) be the second derivative of 4*j**3/3 - 6*j**2 - 4*j. Let x be z(-12). Let f be x/6*9/(-6). Calculate the greatest common divisor of 3 and f.
3
Suppose 50 = 5*j + 5*w, -139*w + 141*w + 22 = 5*j. Calculate the highest common divisor of 474 and j.
6
Let l = 1 - -8. Suppose -34*c = -14*c - 60. Let x(w) = 10*w**2 + 7*w - 30. Let b be x(c). Calculate the highest common factor of l and b.
9
Let a = 341 + -234. Let m = a + -8. What is the highest common factor of 33 and m?
33
Suppose -2*x + 722 = -0*x - p, -3*x - 6*p + 1068 = 0. Calculate the greatest common factor of x and 2120.
40
Let z(y) = y**3 + y**2 + 2*y + 35. Let t be z(0). What is the highest common divisor of 875 and t?
35
Suppose 0 = o + 3*o - l - 635, 331 = 2*o - 5*l. Let n = 175 - o. Calculate the greatest common factor of 136 and n.
17
Suppose -19*a + 2*a + 867 = 0. Suppose 0 = 11*f - 10*f - a. Calculate the highest common factor of 3 and f.
3
Let i = -8 + 11. Suppose -i*o + 35 = 3*g - 13, -2*o = 5*g - 80. Suppose -188*n - 320 = -196*n. Calculate the highest common divisor of g and n.
8
Let q be (3/((-3)/(-10)))/2. Suppose -15*o = -39*o. Suppose -q*h = -25, -3*p + 52 = 5*h - o*h. What is the highest common factor of 63 and p?
9
Let f(b) = 21*b**2 + b + 1. Let m be f(-1). Let x be -7 - (-5 + 1 - 219). Let q = x - 153. What is the greatest common factor of q and m?
21
Let v(m) = -323*m + 5830. Let d be v(18). Calculate the highest common divisor of d and 704.
16
Let z be (-6)/14 + -8 + (-870)/(-70). Suppose 2*w = 4*p - 5*p + 152, z*w - 298 = p. Calculate the greatest common factor of 15 and w.
15
Let t be 19 - (5 + 301)/(-2). What is the greatest common divisor of t and 6278?
86
Suppose 5*j = 9 - 4. Suppose 4*k = 4*o + 8, 0 = -o + j - 3. Let g be (k + -40)*(10 - 14). Calculate the highest common factor of 20 and g.
20
Let q(t) = t - 5. Let f be q(6). Let y be (-1)/1*-9*f. Let r = 501186 - 501183. What is the greatest common divisor of r and y?
3
Suppose 0*n - 5*n + 30 = 0. Let t = -74 - -77. Suppose 51 = 2*p - 5*m, 10*m = -t*p + 11*m + 57. Calculate the greatest common divisor of p and n.
6
Let y(n) = -n**3 - 18*n**2 - 31*n + 18. Let l be y(-16). Suppose 6375 = 6*t - t + r, -l*r = 4*t - 5094. Calculate the greatest common divisor of t and 22.
22
Suppose 14*x = 19*x + 75. Let p be (-1)/5 + (-63)/x. Suppose -p*v + 10*v = 150. What is the greatest common divisor of 10 and v?
5
Let c = -30250 - -30420. Calculate the highest common divisor of 19295 and c.
85
Let p = 56 - 42. Suppose 2*q = -4*o - 0*q + p, -3*q + 12 = 3*o. Suppose 4*y = 4*f - 2*f - 24, 9 = -3*f - o*y. Calculate the greatest common divisor of f and 3.
1
Let u be (54/5)/((-2)/40). Let c be u/(-22) + (-8)/(-44). Suppose -3*o = -3*j + 6*j - 6, -j + o = -c. What is the highest common divisor of 30 and j?
6
Let h(o) = 84*o - 5288. Let f be h(63). What is the greatest common divisor of f and 4366?
2
Suppose i + 11 - 40 = 0. Let s = i - 19. Suppose 85*z + 4 = 87*z. What is the greatest common factor of z and s?
2
Suppose 0 = 15*c - 4*c + 198. Let i be 615 + 3/c*-6. Calculate the highest common factor of i and 56.
56
Let d(j) = j**2 - 5*j + 5. Let y be d(6). Let z(t) = t + 2. Let l = 134 + -125. Let q be z(l). Calculate the highest common divisor of y and q.
11
Let g be (-3)/((-3)/66*6). Suppose -17*t = -132 - 55. What is the greatest common factor of g and t?
11
Let f = -3718 - -4341. What is the greatest common factor of f and 56?
7
Let w be 32/12*(-3)/(-4). Let h(q) = -44*q + 106. Let a be h(w). What is the highest common divisor of a and 1098?
18
Suppose -5*y = 4*c - 9*c + 230, -2*y = -5*c + 224. Suppose 5*l - 7*l - 4*h + 32 = 0, 4*l = -4*h + c. What is the greatest common divisor of 6 and l?
6
Let r(t) = 11*t**2 - 77*t - 82. Let i be r(-1). What is the greatest common factor of 166 and i?
2
Let r be ((-6)/(-15))/((-1)/(1 + -6)). Suppose -r*o = -5 - 1. Let f be 15 + (o/3 - (-8)/(-4)). What is the highest common factor of 28 and f?
14
Let s(p) = -p**3 + 8*p**2 + 129*p + 8. Let h be s(-9). Calculate the greatest common factor of 928 and h.
32
Let f(s) = -3. Let p(h) = 6*h + 70. Let w(b) = 12*f(b) + p(b). Let t be w(-4). Calculate the highest common divisor of t and 6.
2
Let v be -1*(-163 + 27) - 1/(2/16). Calculate the highest common divisor of v and 1424.
16
Let s = -788 + 795. What is the greatest common divisor of s and 301?
7
Let y be (548/24 + 8/(-4))*6. What is the greatest common divisor of y and 150?
25
Let g be ((2/(-8))/(3/4))/((-166)/92628). What is the greatest common divisor of g and 1550?
62
Let g(x) = 14*x**2 - 264*x - 48. Let r be g(20). Calculate the highest common divisor of 240 and r.
16
Let y(w) = 52*w + 35*w**2 - 122*w + 56*w. Let t be y(-3). Calculate the highest common factor of t and 21.
21
Suppose 13 = 3*z - 8, 0 = 2*p + 5*z - 119. Su